{"id":4174,"date":"2025-03-31T21:56:55","date_gmt":"2025-03-31T21:56:55","guid":{"rendered":"https:\/\/cheffmilenium.com\/web\/?post_type=product&#038;p=4174"},"modified":"2026-02-17T14:42:48","modified_gmt":"2026-02-17T14:42:48","slug":"formacion-en-panaderia-profesional-nivel-i-inscripciones-abiertas","status":"publish","type":"product","link":"https:\/\/cheffmilenium.com\/web\/producto\/formacion-en-panaderia-profesional-nivel-i-inscripciones-abiertas\/","title":{"rendered":"Formaci\u00f3n en Panader\u00eda Profesional (Inscripciones Abiertas)"},"content":{"rendered":"<h2 style=\"text-align: center;\"><strong>FORMACI\u00d3N EN PANADER\u00cdA PROFESIONAL<\/strong><\/h2>\n<p>&nbsp;<\/p>\n<p>El objetivo de esta formaci\u00f3n es impartir los conocimientos necesarios para convertirte en un experto en elaboraci\u00f3n de panes, con un contenido basado en historia de la\u00a0panader\u00eda, formulaci\u00f3n panadera, tipos de harinas, masas madre y su inclusi\u00f3n a la formulaci\u00f3n panadera, control de la fermentaci\u00f3n, t\u00e9cnicas para la elaboraci\u00f3n del pan, entre otras.<\/p>\n<h4><strong>INSCRIPCIONES ABIERTAS<\/strong><\/h4>\n<p>&nbsp;<\/p>\n<p><strong>Detalles del curso<\/strong>:<\/p>\n<p><strong>Duraci\u00f3n<\/strong>: tres meses de formaci\u00f3n.<\/p>\n<p><strong>Horario:<\/strong>\u00a0una vez por semana.<\/p>\n<p><strong>Incluye:<\/strong>\u00a0materiales para panader\u00eda incluidos, aula taller, chef instructor, degustaci\u00f3n y certificado.<\/p>\n<p><strong>Direcci\u00f3n:<\/strong>\u00a0Instituto Escuela de Artes Gastron\u00f3micas Chef Milenium. Urbanizaci\u00f3n Calicanto, Maracay, estado Aragua.<\/p>\n<p><strong>\u00a0<\/strong><\/p>\n<p><strong>Contenido del curso:<\/strong><\/p>\n<ol>\n<li>Higiene y manipulaci\u00f3n de los alimentos.<\/li>\n<li>Normas de seguridad en la cocina.<\/li>\n<li>Historia de la\u00a0panader\u00eda.<\/li>\n<li>Formulaci\u00f3n panadera y horneado.<\/li>\n<li>M\u00e9todos, control de tiempo y fases.<\/li>\n<li>\u00a0El trigo y tipos de harinas.<\/li>\n<li>\u00a0\u00a0T\u00e9cnicas para la elaboraci\u00f3n del pan.<\/li>\n<li>\u00a0\u00a0Masas madre y m\u00e9todo de esponja.<\/li>\n<li>\u00a0Inclusi\u00f3n de la masa madre a la formulaci\u00f3n panadera.<\/li>\n<li>\u00a0Control de la fermentaci\u00f3n.<\/li>\n<li>\u00a0 \u00a0\u00a0M\u00e9todo de retardo.<\/li>\n<li>\u00a0\u00a0Estudio de mercado, costos de materia prima y PVP.<\/li>\n<\/ol>\n<p>&nbsp;<\/p>\n<p><strong>IMPORTANTE:<\/strong>\u00a0Una vez pagado el curso y formalizada la reserva, no se reembolsar\u00e1 dinero por la inasistencia del participante, ni se repondr\u00e1 el cupo en otro curso. Si al participante se le imposibilita asistir, puede endosar el cupo a alg\u00fan familiar o amigo que s\u00ed pueda asistir.<\/p>\n<p>Nuestros documentos son 100% apostillables. Estamos registrados en el Ministerio de Educaci\u00f3n.<\/p>\n<p>&nbsp;<\/p>\n<p><strong>\u00danica sede:<\/strong>\u00a0urbanizaci\u00f3n Calicanto, 4ta. Transversal, casa n\u00ba 17, PB. Maracay, estado Aragua.<\/p>\n","protected":false},"excerpt":{"rendered":"<p>FORMACI\u00d3N EN PANADER\u00cdA PROFESIONAL &nbsp; El objetivo de esta formaci\u00f3n es impartir los conocimientos necesarios para convertirte en un experto en elaboraci\u00f3n de panes, con un contenido basado en historia de la\u00a0panader\u00eda, formulaci\u00f3n panadera, tipos de harinas, masas madre y su inclusi\u00f3n a la formulaci\u00f3n panadera, control de la fermentaci\u00f3n, t\u00e9cnicas para la elaboraci\u00f3n del&hellip;<\/p>\n","protected":false},"featured_media":4616,"comment_status":"closed","ping_status":"closed","template":"","meta":{"_acf_changed":false,"_joinchat":[]},"product_cat":[29],"product_tag":[],"class_list":{"0":"post-4174","1":"product","2":"type-product","3":"status-publish","4":"has-post-thumbnail","6":"product_cat-diplomado","8":"first","9":"instock","10":"shipping-taxable","11":"product-type-simple"},"acf":[],"yoast_head":"<!-- This site is optimized with the Yoast SEO plugin v23.3 - https:\/\/yoast.com\/wordpress\/plugins\/seo\/ -->\n<title>Formaci\u00f3n en Panader\u00eda Profesional (Inscripciones Abiertas) - Cheffmilenium<\/title>\n<meta name=\"robots\" content=\"index, follow, max-snippet:-1, max-image-preview:large, max-video-preview:-1\" \/>\n<link rel=\"canonical\" href=\"https:\/\/cheffmilenium.com\/web\/producto\/formacion-en-panaderia-profesional-nivel-i-inscripciones-abiertas\/\" \/>\n<meta property=\"og:locale\" content=\"es_ES\" \/>\n<meta property=\"og:type\" content=\"article\" \/>\n<meta property=\"og:title\" content=\"Formaci\u00f3n en Panader\u00eda Profesional (Inscripciones Abiertas) - Cheffmilenium\" \/>\n<meta property=\"og:description\" content=\"FORMACI\u00d3N EN PANADER\u00cdA PROFESIONAL &nbsp; El objetivo de esta formaci\u00f3n es impartir los conocimientos necesarios para convertirte en un experto en elaboraci\u00f3n de panes, con un contenido basado en historia de la\u00a0panader\u00eda, formulaci\u00f3n panadera, tipos de harinas, masas madre y su inclusi\u00f3n a la formulaci\u00f3n panadera, control de la fermentaci\u00f3n, t\u00e9cnicas para la elaboraci\u00f3n del&hellip;\" \/>\n<meta property=\"og:url\" content=\"https:\/\/cheffmilenium.com\/web\/producto\/formacion-en-panaderia-profesional-nivel-i-inscripciones-abiertas\/\" \/>\n<meta property=\"og:site_name\" content=\"Cheffmilenium\" \/>\n<meta property=\"article:publisher\" content=\"https:\/\/www.facebook.com\/cheffmilenium\" \/>\n<meta property=\"article:modified_time\" content=\"2026-02-17T14:42:48+00:00\" \/>\n<meta property=\"og:image\" content=\"https:\/\/cheffmilenium.com\/web\/wp-content\/uploads\/2025\/03\/chef-M-panaderia-1.jpg\" \/>\n\t<meta property=\"og:image:width\" content=\"1080\" \/>\n\t<meta property=\"og:image:height\" content=\"1350\" \/>\n\t<meta property=\"og:image:type\" content=\"image\/jpeg\" \/>\n<meta name=\"twitter:card\" content=\"summary_large_image\" \/>\n<meta name=\"twitter:label1\" content=\"Tiempo de lectura\" \/>\n\t<meta name=\"twitter:data1\" content=\"2 minutos\" \/>\n<script type=\"application\/ld+json\" class=\"yoast-schema-graph\">{\"@context\":\"https:\/\/schema.org\",\"@graph\":[{\"@type\":\"WebPage\",\"@id\":\"https:\/\/cheffmilenium.com\/web\/producto\/formacion-en-panaderia-profesional-nivel-i-inscripciones-abiertas\/\",\"url\":\"https:\/\/cheffmilenium.com\/web\/producto\/formacion-en-panaderia-profesional-nivel-i-inscripciones-abiertas\/\",\"name\":\"Formaci\u00f3n en Panader\u00eda Profesional (Inscripciones Abiertas) - Cheffmilenium\",\"isPartOf\":{\"@id\":\"https:\/\/cheffmilenium.com\/web\/#website\"},\"primaryImageOfPage\":{\"@id\":\"https:\/\/cheffmilenium.com\/web\/producto\/formacion-en-panaderia-profesional-nivel-i-inscripciones-abiertas\/#primaryimage\"},\"image\":{\"@id\":\"https:\/\/cheffmilenium.com\/web\/producto\/formacion-en-panaderia-profesional-nivel-i-inscripciones-abiertas\/#primaryimage\"},\"thumbnailUrl\":\"https:\/\/cheffmilenium.com\/web\/wp-content\/uploads\/2025\/03\/chef-M-panaderia-1.jpg\",\"datePublished\":\"2025-03-31T21:56:55+00:00\",\"dateModified\":\"2026-02-17T14:42:48+00:00\",\"breadcrumb\":{\"@id\":\"https:\/\/cheffmilenium.com\/web\/producto\/formacion-en-panaderia-profesional-nivel-i-inscripciones-abiertas\/#breadcrumb\"},\"inLanguage\":\"es\",\"potentialAction\":[{\"@type\":\"ReadAction\",\"target\":[\"https:\/\/cheffmilenium.com\/web\/producto\/formacion-en-panaderia-profesional-nivel-i-inscripciones-abiertas\/\"]}]},{\"@type\":\"ImageObject\",\"inLanguage\":\"es\",\"@id\":\"https:\/\/cheffmilenium.com\/web\/producto\/formacion-en-panaderia-profesional-nivel-i-inscripciones-abiertas\/#primaryimage\",\"url\":\"https:\/\/cheffmilenium.com\/web\/wp-content\/uploads\/2025\/03\/chef-M-panaderia-1.jpg\",\"contentUrl\":\"https:\/\/cheffmilenium.com\/web\/wp-content\/uploads\/2025\/03\/chef-M-panaderia-1.jpg\",\"width\":1080,\"height\":1350},{\"@type\":\"BreadcrumbList\",\"@id\":\"https:\/\/cheffmilenium.com\/web\/producto\/formacion-en-panaderia-profesional-nivel-i-inscripciones-abiertas\/#breadcrumb\",\"itemListElement\":[{\"@type\":\"ListItem\",\"position\":1,\"name\":\"Portada\",\"item\":\"https:\/\/cheffmilenium.com\/web\/\"},{\"@type\":\"ListItem\",\"position\":2,\"name\":\"Tienda\",\"item\":\"https:\/\/cheffmilenium.com\/web\/tienda\/\"},{\"@type\":\"ListItem\",\"position\":3,\"name\":\"Formaci\u00f3n en Panader\u00eda Profesional (Inscripciones Abiertas)\"}]},{\"@type\":\"WebSite\",\"@id\":\"https:\/\/cheffmilenium.com\/web\/#website\",\"url\":\"https:\/\/cheffmilenium.com\/web\/\",\"name\":\"Cheffmilenium\",\"description\":\"Instituto Escuela de Artes Gastron\u00f3mias\",\"publisher\":{\"@id\":\"https:\/\/cheffmilenium.com\/web\/#organization\"},\"potentialAction\":[{\"@type\":\"SearchAction\",\"target\":{\"@type\":\"EntryPoint\",\"urlTemplate\":\"https:\/\/cheffmilenium.com\/web\/?s={search_term_string}\"},\"query-input\":\"required name=search_term_string\"}],\"inLanguage\":\"es\"},{\"@type\":\"Organization\",\"@id\":\"https:\/\/cheffmilenium.com\/web\/#organization\",\"name\":\"Chefmilenium\",\"url\":\"https:\/\/cheffmilenium.com\/web\/\",\"logo\":{\"@type\":\"ImageObject\",\"inLanguage\":\"es\",\"@id\":\"https:\/\/cheffmilenium.com\/web\/#\/schema\/logo\/image\/\",\"url\":\"https:\/\/cheffmilenium.com\/web\/wp-content\/uploads\/2022\/10\/cropped-chefm-icono-1-1.png\",\"contentUrl\":\"https:\/\/cheffmilenium.com\/web\/wp-content\/uploads\/2022\/10\/cropped-chefm-icono-1-1.png\",\"width\":512,\"height\":512,\"caption\":\"Chefmilenium\"},\"image\":{\"@id\":\"https:\/\/cheffmilenium.com\/web\/#\/schema\/logo\/image\/\"},\"sameAs\":[\"https:\/\/www.facebook.com\/cheffmilenium\",\"https:\/\/www.instagram.com\/chefmilenium\/\"]}]}<\/script>\n<!-- \/ Yoast SEO plugin. -->","yoast_head_json":{"title":"Formaci\u00f3n en Panader\u00eda Profesional (Inscripciones Abiertas) - Cheffmilenium","robots":{"index":"index","follow":"follow","max-snippet":"max-snippet:-1","max-image-preview":"max-image-preview:large","max-video-preview":"max-video-preview:-1"},"canonical":"https:\/\/cheffmilenium.com\/web\/producto\/formacion-en-panaderia-profesional-nivel-i-inscripciones-abiertas\/","og_locale":"es_ES","og_type":"article","og_title":"Formaci\u00f3n en Panader\u00eda Profesional (Inscripciones Abiertas) - Cheffmilenium","og_description":"FORMACI\u00d3N EN PANADER\u00cdA PROFESIONAL &nbsp; El objetivo de esta formaci\u00f3n es impartir los conocimientos necesarios para convertirte en un experto en elaboraci\u00f3n de panes, con un contenido basado en historia de la\u00a0panader\u00eda, formulaci\u00f3n panadera, tipos de harinas, masas madre y su inclusi\u00f3n a la formulaci\u00f3n panadera, control de la fermentaci\u00f3n, t\u00e9cnicas para la elaboraci\u00f3n del&hellip;","og_url":"https:\/\/cheffmilenium.com\/web\/producto\/formacion-en-panaderia-profesional-nivel-i-inscripciones-abiertas\/","og_site_name":"Cheffmilenium","article_publisher":"https:\/\/www.facebook.com\/cheffmilenium","article_modified_time":"2026-02-17T14:42:48+00:00","og_image":[{"width":1080,"height":1350,"url":"https:\/\/cheffmilenium.com\/web\/wp-content\/uploads\/2025\/03\/chef-M-panaderia-1.jpg","type":"image\/jpeg"}],"twitter_card":"summary_large_image","twitter_misc":{"Tiempo de lectura":"2 minutos"},"schema":{"@context":"https:\/\/schema.org","@graph":[{"@type":"WebPage","@id":"https:\/\/cheffmilenium.com\/web\/producto\/formacion-en-panaderia-profesional-nivel-i-inscripciones-abiertas\/","url":"https:\/\/cheffmilenium.com\/web\/producto\/formacion-en-panaderia-profesional-nivel-i-inscripciones-abiertas\/","name":"Formaci\u00f3n en Panader\u00eda Profesional (Inscripciones Abiertas) - Cheffmilenium","isPartOf":{"@id":"https:\/\/cheffmilenium.com\/web\/#website"},"primaryImageOfPage":{"@id":"https:\/\/cheffmilenium.com\/web\/producto\/formacion-en-panaderia-profesional-nivel-i-inscripciones-abiertas\/#primaryimage"},"image":{"@id":"https:\/\/cheffmilenium.com\/web\/producto\/formacion-en-panaderia-profesional-nivel-i-inscripciones-abiertas\/#primaryimage"},"thumbnailUrl":"https:\/\/cheffmilenium.com\/web\/wp-content\/uploads\/2025\/03\/chef-M-panaderia-1.jpg","datePublished":"2025-03-31T21:56:55+00:00","dateModified":"2026-02-17T14:42:48+00:00","breadcrumb":{"@id":"https:\/\/cheffmilenium.com\/web\/producto\/formacion-en-panaderia-profesional-nivel-i-inscripciones-abiertas\/#breadcrumb"},"inLanguage":"es","potentialAction":[{"@type":"ReadAction","target":["https:\/\/cheffmilenium.com\/web\/producto\/formacion-en-panaderia-profesional-nivel-i-inscripciones-abiertas\/"]}]},{"@type":"ImageObject","inLanguage":"es","@id":"https:\/\/cheffmilenium.com\/web\/producto\/formacion-en-panaderia-profesional-nivel-i-inscripciones-abiertas\/#primaryimage","url":"https:\/\/cheffmilenium.com\/web\/wp-content\/uploads\/2025\/03\/chef-M-panaderia-1.jpg","contentUrl":"https:\/\/cheffmilenium.com\/web\/wp-content\/uploads\/2025\/03\/chef-M-panaderia-1.jpg","width":1080,"height":1350},{"@type":"BreadcrumbList","@id":"https:\/\/cheffmilenium.com\/web\/producto\/formacion-en-panaderia-profesional-nivel-i-inscripciones-abiertas\/#breadcrumb","itemListElement":[{"@type":"ListItem","position":1,"name":"Portada","item":"https:\/\/cheffmilenium.com\/web\/"},{"@type":"ListItem","position":2,"name":"Tienda","item":"https:\/\/cheffmilenium.com\/web\/tienda\/"},{"@type":"ListItem","position":3,"name":"Formaci\u00f3n en Panader\u00eda Profesional (Inscripciones Abiertas)"}]},{"@type":"WebSite","@id":"https:\/\/cheffmilenium.com\/web\/#website","url":"https:\/\/cheffmilenium.com\/web\/","name":"Cheffmilenium","description":"Instituto Escuela de Artes Gastron\u00f3mias","publisher":{"@id":"https:\/\/cheffmilenium.com\/web\/#organization"},"potentialAction":[{"@type":"SearchAction","target":{"@type":"EntryPoint","urlTemplate":"https:\/\/cheffmilenium.com\/web\/?s={search_term_string}"},"query-input":"required name=search_term_string"}],"inLanguage":"es"},{"@type":"Organization","@id":"https:\/\/cheffmilenium.com\/web\/#organization","name":"Chefmilenium","url":"https:\/\/cheffmilenium.com\/web\/","logo":{"@type":"ImageObject","inLanguage":"es","@id":"https:\/\/cheffmilenium.com\/web\/#\/schema\/logo\/image\/","url":"https:\/\/cheffmilenium.com\/web\/wp-content\/uploads\/2022\/10\/cropped-chefm-icono-1-1.png","contentUrl":"https:\/\/cheffmilenium.com\/web\/wp-content\/uploads\/2022\/10\/cropped-chefm-icono-1-1.png","width":512,"height":512,"caption":"Chefmilenium"},"image":{"@id":"https:\/\/cheffmilenium.com\/web\/#\/schema\/logo\/image\/"},"sameAs":["https:\/\/www.facebook.com\/cheffmilenium","https:\/\/www.instagram.com\/chefmilenium\/"]}]}},"_links":{"self":[{"href":"https:\/\/cheffmilenium.com\/web\/wp-json\/wp\/v2\/product\/4174","targetHints":{"allow":["GET"]}}],"collection":[{"href":"https:\/\/cheffmilenium.com\/web\/wp-json\/wp\/v2\/product"}],"about":[{"href":"https:\/\/cheffmilenium.com\/web\/wp-json\/wp\/v2\/types\/product"}],"replies":[{"embeddable":true,"href":"https:\/\/cheffmilenium.com\/web\/wp-json\/wp\/v2\/comments?post=4174"}],"version-history":[{"count":7,"href":"https:\/\/cheffmilenium.com\/web\/wp-json\/wp\/v2\/product\/4174\/revisions"}],"predecessor-version":[{"id":4657,"href":"https:\/\/cheffmilenium.com\/web\/wp-json\/wp\/v2\/product\/4174\/revisions\/4657"}],"wp:featuredmedia":[{"embeddable":true,"href":"https:\/\/cheffmilenium.com\/web\/wp-json\/wp\/v2\/media\/4616"}],"wp:attachment":[{"href":"https:\/\/cheffmilenium.com\/web\/wp-json\/wp\/v2\/media?parent=4174"}],"wp:term":[{"taxonomy":"product_cat","embeddable":true,"href":"https:\/\/cheffmilenium.com\/web\/wp-json\/wp\/v2\/product_cat?post=4174"},{"taxonomy":"product_tag","embeddable":true,"href":"https:\/\/cheffmilenium.com\/web\/wp-json\/wp\/v2\/product_tag?post=4174"}],"curies":[{"name":"wp","href":"https:\/\/api.w.org\/{rel}","templated":true}]}}