{"id":4052,"date":"2024-10-11T15:27:18","date_gmt":"2024-10-11T15:27:18","guid":{"rendered":"https:\/\/cheffmilenium.com\/web\/?post_type=product&#038;p=4052"},"modified":"2026-02-17T17:52:54","modified_gmt":"2026-02-17T17:52:54","slug":"4052","status":"publish","type":"product","link":"https:\/\/cheffmilenium.com\/web\/producto\/4052\/","title":{"rendered":"\u2615 Formaci\u00f3n en Barismo profesional"},"content":{"rendered":"<p>\u00a1Convi\u00e9rtete en el artista detr\u00e1s de cada taza de caf\u00e9!\u00a0<img decoding=\"async\" class=\"emoji\" role=\"img\" draggable=\"false\" src=\"https:\/\/s.w.org\/images\/core\/emoji\/14.0.0\/svg\/2615.svg\" alt=\"\u2615\" \/><img decoding=\"async\" class=\"emoji\" role=\"img\" draggable=\"false\" src=\"https:\/\/s.w.org\/images\/core\/emoji\/14.0.0\/svg\/2728.svg\" alt=\"\u2728\" \/>\u00bb<\/p>\n<p>Nuestra formaci\u00f3n en Barismo te ense\u00f1ar\u00e1 desde la selecci\u00f3n de granos hasta el arte del latte, para que transformes cada preparaci\u00f3n en una experiencia \u00fanica.\u00a0<img decoding=\"async\" class=\"emoji\" role=\"img\" draggable=\"false\" src=\"https:\/\/s.w.org\/images\/core\/emoji\/14.0.0\/svg\/1f33f.svg\" alt=\"\ud83c\udf3f\" \/><img decoding=\"async\" class=\"emoji\" role=\"img\" draggable=\"false\" src=\"https:\/\/s.w.org\/images\/core\/emoji\/14.0.0\/svg\/1f525.svg\" alt=\"\ud83d\udd25\" \/><\/p>\n<p>Prep\u00e1rate para destacar en el mundo del caf\u00e9 con t\u00e9cnicas profesionales y mucha pasi\u00f3n.<\/p>\n<p><img decoding=\"async\" class=\"emoji\" role=\"img\" draggable=\"false\" src=\"https:\/\/s.w.org\/images\/core\/emoji\/14.0.0\/svg\/1f3af.svg\" alt=\"\ud83c\udfaf\" \/>\u00a0\u00a1Inscripciones abiertas!. El primer paso para ser un barista experto comienza aqu\u00ed.<\/p>\n<p>\ud83d\udc49\ud83c\udffbFecha 24\/02\/26<br \/>\n\ud83d\udca5 Pre venta (consultar)<\/p>\n","protected":false},"excerpt":{"rendered":"<p>\u00a1Convi\u00e9rtete en el artista detr\u00e1s de cada taza de caf\u00e9!\u00a0\u00bb Nuestra formaci\u00f3n en Barismo te ense\u00f1ar\u00e1 desde la selecci\u00f3n de granos hasta el arte del latte, para que transformes cada preparaci\u00f3n en una experiencia \u00fanica.\u00a0 Prep\u00e1rate para destacar en el mundo del caf\u00e9 con t\u00e9cnicas profesionales y mucha pasi\u00f3n. \u00a0\u00a1Inscripciones abiertas!. El primer paso para&hellip;<\/p>\n","protected":false},"featured_media":4620,"comment_status":"closed","ping_status":"closed","template":"","meta":{"_acf_changed":false,"_joinchat":[]},"product_cat":[29],"product_tag":[],"class_list":{"0":"post-4052","1":"product","2":"type-product","3":"status-publish","4":"has-post-thumbnail","6":"product_cat-diplomado","8":"first","9":"instock","10":"shipping-taxable","11":"product-type-simple"},"acf":[],"yoast_head":"<!-- This site is optimized with the Yoast SEO plugin v23.3 - https:\/\/yoast.com\/wordpress\/plugins\/seo\/ -->\n<title>\u2615 Formaci\u00f3n en Barismo profesional - Cheffmilenium<\/title>\n<meta name=\"robots\" content=\"index, follow, max-snippet:-1, max-image-preview:large, max-video-preview:-1\" \/>\n<link rel=\"canonical\" href=\"https:\/\/cheffmilenium.com\/web\/producto\/4052\/\" \/>\n<meta property=\"og:locale\" content=\"es_ES\" \/>\n<meta property=\"og:type\" content=\"article\" \/>\n<meta property=\"og:title\" content=\"\u2615 Formaci\u00f3n en Barismo profesional - Cheffmilenium\" \/>\n<meta property=\"og:description\" content=\"\u00a1Convi\u00e9rtete en el artista detr\u00e1s de cada taza de caf\u00e9!\u00a0\u00bb Nuestra formaci\u00f3n en Barismo te ense\u00f1ar\u00e1 desde la selecci\u00f3n de granos hasta el arte del latte, para que transformes cada preparaci\u00f3n en una experiencia \u00fanica.\u00a0 Prep\u00e1rate para destacar en el mundo del caf\u00e9 con t\u00e9cnicas profesionales y mucha pasi\u00f3n. \u00a0\u00a1Inscripciones abiertas!. El primer paso para&hellip;\" \/>\n<meta property=\"og:url\" content=\"https:\/\/cheffmilenium.com\/web\/producto\/4052\/\" \/>\n<meta property=\"og:site_name\" content=\"Cheffmilenium\" \/>\n<meta property=\"article:publisher\" content=\"https:\/\/www.facebook.com\/cheffmilenium\" \/>\n<meta property=\"article:modified_time\" content=\"2026-02-17T17:52:54+00:00\" \/>\n<meta property=\"og:image\" content=\"https:\/\/cheffmilenium.com\/web\/wp-content\/uploads\/2024\/10\/chef-M-barismo.jpg\" \/>\n\t<meta property=\"og:image:width\" content=\"1080\" \/>\n\t<meta property=\"og:image:height\" content=\"1350\" \/>\n\t<meta property=\"og:image:type\" content=\"image\/jpeg\" \/>\n<meta name=\"twitter:card\" content=\"summary_large_image\" \/>\n<meta name=\"twitter:label1\" content=\"Tiempo de lectura\" \/>\n\t<meta name=\"twitter:data1\" content=\"2 minutos\" \/>\n<script type=\"application\/ld+json\" class=\"yoast-schema-graph\">{\"@context\":\"https:\/\/schema.org\",\"@graph\":[{\"@type\":\"WebPage\",\"@id\":\"https:\/\/cheffmilenium.com\/web\/producto\/4052\/\",\"url\":\"https:\/\/cheffmilenium.com\/web\/producto\/4052\/\",\"name\":\"\u2615 Formaci\u00f3n en Barismo profesional - Cheffmilenium\",\"isPartOf\":{\"@id\":\"https:\/\/cheffmilenium.com\/web\/#website\"},\"primaryImageOfPage\":{\"@id\":\"https:\/\/cheffmilenium.com\/web\/producto\/4052\/#primaryimage\"},\"image\":{\"@id\":\"https:\/\/cheffmilenium.com\/web\/producto\/4052\/#primaryimage\"},\"thumbnailUrl\":\"https:\/\/cheffmilenium.com\/web\/wp-content\/uploads\/2024\/10\/chef-M-barismo.jpg\",\"datePublished\":\"2024-10-11T15:27:18+00:00\",\"dateModified\":\"2026-02-17T17:52:54+00:00\",\"breadcrumb\":{\"@id\":\"https:\/\/cheffmilenium.com\/web\/producto\/4052\/#breadcrumb\"},\"inLanguage\":\"es\",\"potentialAction\":[{\"@type\":\"ReadAction\",\"target\":[\"https:\/\/cheffmilenium.com\/web\/producto\/4052\/\"]}]},{\"@type\":\"ImageObject\",\"inLanguage\":\"es\",\"@id\":\"https:\/\/cheffmilenium.com\/web\/producto\/4052\/#primaryimage\",\"url\":\"https:\/\/cheffmilenium.com\/web\/wp-content\/uploads\/2024\/10\/chef-M-barismo.jpg\",\"contentUrl\":\"https:\/\/cheffmilenium.com\/web\/wp-content\/uploads\/2024\/10\/chef-M-barismo.jpg\",\"width\":1080,\"height\":1350},{\"@type\":\"BreadcrumbList\",\"@id\":\"https:\/\/cheffmilenium.com\/web\/producto\/4052\/#breadcrumb\",\"itemListElement\":[{\"@type\":\"ListItem\",\"position\":1,\"name\":\"Portada\",\"item\":\"https:\/\/cheffmilenium.com\/web\/\"},{\"@type\":\"ListItem\",\"position\":2,\"name\":\"Tienda\",\"item\":\"https:\/\/cheffmilenium.com\/web\/tienda\/\"},{\"@type\":\"ListItem\",\"position\":3,\"name\":\"\u2615 Formaci\u00f3n en Barismo profesional\"}]},{\"@type\":\"WebSite\",\"@id\":\"https:\/\/cheffmilenium.com\/web\/#website\",\"url\":\"https:\/\/cheffmilenium.com\/web\/\",\"name\":\"Cheffmilenium\",\"description\":\"Instituto Escuela de Artes Gastron\u00f3mias\",\"publisher\":{\"@id\":\"https:\/\/cheffmilenium.com\/web\/#organization\"},\"potentialAction\":[{\"@type\":\"SearchAction\",\"target\":{\"@type\":\"EntryPoint\",\"urlTemplate\":\"https:\/\/cheffmilenium.com\/web\/?s={search_term_string}\"},\"query-input\":\"required name=search_term_string\"}],\"inLanguage\":\"es\"},{\"@type\":\"Organization\",\"@id\":\"https:\/\/cheffmilenium.com\/web\/#organization\",\"name\":\"Chefmilenium\",\"url\":\"https:\/\/cheffmilenium.com\/web\/\",\"logo\":{\"@type\":\"ImageObject\",\"inLanguage\":\"es\",\"@id\":\"https:\/\/cheffmilenium.com\/web\/#\/schema\/logo\/image\/\",\"url\":\"https:\/\/cheffmilenium.com\/web\/wp-content\/uploads\/2022\/10\/cropped-chefm-icono-1-1.png\",\"contentUrl\":\"https:\/\/cheffmilenium.com\/web\/wp-content\/uploads\/2022\/10\/cropped-chefm-icono-1-1.png\",\"width\":512,\"height\":512,\"caption\":\"Chefmilenium\"},\"image\":{\"@id\":\"https:\/\/cheffmilenium.com\/web\/#\/schema\/logo\/image\/\"},\"sameAs\":[\"https:\/\/www.facebook.com\/cheffmilenium\",\"https:\/\/www.instagram.com\/chefmilenium\/\"]}]}<\/script>\n<!-- \/ Yoast SEO plugin. -->","yoast_head_json":{"title":"\u2615 Formaci\u00f3n en Barismo profesional - Cheffmilenium","robots":{"index":"index","follow":"follow","max-snippet":"max-snippet:-1","max-image-preview":"max-image-preview:large","max-video-preview":"max-video-preview:-1"},"canonical":"https:\/\/cheffmilenium.com\/web\/producto\/4052\/","og_locale":"es_ES","og_type":"article","og_title":"\u2615 Formaci\u00f3n en Barismo profesional - Cheffmilenium","og_description":"\u00a1Convi\u00e9rtete en el artista detr\u00e1s de cada taza de caf\u00e9!\u00a0\u00bb Nuestra formaci\u00f3n en Barismo te ense\u00f1ar\u00e1 desde la selecci\u00f3n de granos hasta el arte del latte, para que transformes cada preparaci\u00f3n en una experiencia \u00fanica.\u00a0 Prep\u00e1rate para destacar en el mundo del caf\u00e9 con t\u00e9cnicas profesionales y mucha pasi\u00f3n. \u00a0\u00a1Inscripciones abiertas!. El primer paso para&hellip;","og_url":"https:\/\/cheffmilenium.com\/web\/producto\/4052\/","og_site_name":"Cheffmilenium","article_publisher":"https:\/\/www.facebook.com\/cheffmilenium","article_modified_time":"2026-02-17T17:52:54+00:00","og_image":[{"width":1080,"height":1350,"url":"https:\/\/cheffmilenium.com\/web\/wp-content\/uploads\/2024\/10\/chef-M-barismo.jpg","type":"image\/jpeg"}],"twitter_card":"summary_large_image","twitter_misc":{"Tiempo de lectura":"2 minutos"},"schema":{"@context":"https:\/\/schema.org","@graph":[{"@type":"WebPage","@id":"https:\/\/cheffmilenium.com\/web\/producto\/4052\/","url":"https:\/\/cheffmilenium.com\/web\/producto\/4052\/","name":"\u2615 Formaci\u00f3n en Barismo profesional - Cheffmilenium","isPartOf":{"@id":"https:\/\/cheffmilenium.com\/web\/#website"},"primaryImageOfPage":{"@id":"https:\/\/cheffmilenium.com\/web\/producto\/4052\/#primaryimage"},"image":{"@id":"https:\/\/cheffmilenium.com\/web\/producto\/4052\/#primaryimage"},"thumbnailUrl":"https:\/\/cheffmilenium.com\/web\/wp-content\/uploads\/2024\/10\/chef-M-barismo.jpg","datePublished":"2024-10-11T15:27:18+00:00","dateModified":"2026-02-17T17:52:54+00:00","breadcrumb":{"@id":"https:\/\/cheffmilenium.com\/web\/producto\/4052\/#breadcrumb"},"inLanguage":"es","potentialAction":[{"@type":"ReadAction","target":["https:\/\/cheffmilenium.com\/web\/producto\/4052\/"]}]},{"@type":"ImageObject","inLanguage":"es","@id":"https:\/\/cheffmilenium.com\/web\/producto\/4052\/#primaryimage","url":"https:\/\/cheffmilenium.com\/web\/wp-content\/uploads\/2024\/10\/chef-M-barismo.jpg","contentUrl":"https:\/\/cheffmilenium.com\/web\/wp-content\/uploads\/2024\/10\/chef-M-barismo.jpg","width":1080,"height":1350},{"@type":"BreadcrumbList","@id":"https:\/\/cheffmilenium.com\/web\/producto\/4052\/#breadcrumb","itemListElement":[{"@type":"ListItem","position":1,"name":"Portada","item":"https:\/\/cheffmilenium.com\/web\/"},{"@type":"ListItem","position":2,"name":"Tienda","item":"https:\/\/cheffmilenium.com\/web\/tienda\/"},{"@type":"ListItem","position":3,"name":"\u2615 Formaci\u00f3n en Barismo profesional"}]},{"@type":"WebSite","@id":"https:\/\/cheffmilenium.com\/web\/#website","url":"https:\/\/cheffmilenium.com\/web\/","name":"Cheffmilenium","description":"Instituto Escuela de Artes Gastron\u00f3mias","publisher":{"@id":"https:\/\/cheffmilenium.com\/web\/#organization"},"potentialAction":[{"@type":"SearchAction","target":{"@type":"EntryPoint","urlTemplate":"https:\/\/cheffmilenium.com\/web\/?s={search_term_string}"},"query-input":"required name=search_term_string"}],"inLanguage":"es"},{"@type":"Organization","@id":"https:\/\/cheffmilenium.com\/web\/#organization","name":"Chefmilenium","url":"https:\/\/cheffmilenium.com\/web\/","logo":{"@type":"ImageObject","inLanguage":"es","@id":"https:\/\/cheffmilenium.com\/web\/#\/schema\/logo\/image\/","url":"https:\/\/cheffmilenium.com\/web\/wp-content\/uploads\/2022\/10\/cropped-chefm-icono-1-1.png","contentUrl":"https:\/\/cheffmilenium.com\/web\/wp-content\/uploads\/2022\/10\/cropped-chefm-icono-1-1.png","width":512,"height":512,"caption":"Chefmilenium"},"image":{"@id":"https:\/\/cheffmilenium.com\/web\/#\/schema\/logo\/image\/"},"sameAs":["https:\/\/www.facebook.com\/cheffmilenium","https:\/\/www.instagram.com\/chefmilenium\/"]}]}},"_links":{"self":[{"href":"https:\/\/cheffmilenium.com\/web\/wp-json\/wp\/v2\/product\/4052","targetHints":{"allow":["GET"]}}],"collection":[{"href":"https:\/\/cheffmilenium.com\/web\/wp-json\/wp\/v2\/product"}],"about":[{"href":"https:\/\/cheffmilenium.com\/web\/wp-json\/wp\/v2\/types\/product"}],"replies":[{"embeddable":true,"href":"https:\/\/cheffmilenium.com\/web\/wp-json\/wp\/v2\/comments?post=4052"}],"version-history":[{"count":14,"href":"https:\/\/cheffmilenium.com\/web\/wp-json\/wp\/v2\/product\/4052\/revisions"}],"predecessor-version":[{"id":4660,"href":"https:\/\/cheffmilenium.com\/web\/wp-json\/wp\/v2\/product\/4052\/revisions\/4660"}],"wp:featuredmedia":[{"embeddable":true,"href":"https:\/\/cheffmilenium.com\/web\/wp-json\/wp\/v2\/media\/4620"}],"wp:attachment":[{"href":"https:\/\/cheffmilenium.com\/web\/wp-json\/wp\/v2\/media?parent=4052"}],"wp:term":[{"taxonomy":"product_cat","embeddable":true,"href":"https:\/\/cheffmilenium.com\/web\/wp-json\/wp\/v2\/product_cat?post=4052"},{"taxonomy":"product_tag","embeddable":true,"href":"https:\/\/cheffmilenium.com\/web\/wp-json\/wp\/v2\/product_tag?post=4052"}],"curies":[{"name":"wp","href":"https:\/\/api.w.org\/{rel}","templated":true}]}}