{"id":4714,"date":"2026-04-03T18:37:24","date_gmt":"2026-04-03T18:37:24","guid":{"rendered":"https:\/\/cheffmilenium.com\/web\/?page_id=4714"},"modified":"2026-04-03T18:43:16","modified_gmt":"2026-04-03T18:43:16","slug":"diplomado-de-asistente-en-pasteleria-profesional","status":"publish","type":"page","link":"https:\/\/cheffmilenium.com\/web\/diplomado-de-asistente-en-pasteleria-profesional\/","title":{"rendered":"DIPLOMADO DE ASISTENTE EN PASTELER\u00cdA PROFESIONAL"},"content":{"rendered":"\t\t<div data-elementor-type=\"wp-page\" data-elementor-id=\"4714\" class=\"elementor elementor-4714\" data-elementor-post-type=\"page\">\n\t\t\t\t<div class=\"elementor-element elementor-element-67c24e5 e-flex e-con-boxed e-con e-parent\" data-id=\"67c24e5\" data-element_type=\"container\">\n\t\t\t\t\t<div class=\"e-con-inner\">\n\t\t\t\t<div class=\"elementor-element elementor-element-4885d36 elementor-widget elementor-widget-heading\" data-id=\"4885d36\" data-element_type=\"widget\" data-widget_type=\"heading.default\">\n\t\t\t\t<div class=\"elementor-widget-container\">\n\t\t\t\t\t<h2 class=\"elementor-heading-title elementor-size-default\">DIPLOMADO DE ASISTENTE EN PASTELER\u00cdA PROFESIONAL \n\n<\/h2>\t\t\t\t<\/div>\n\t\t\t\t<\/div>\n\t\t\t\t<div class=\"elementor-element elementor-element-a85a9b9 elementor-widget elementor-widget-text-editor\" data-id=\"a85a9b9\" data-element_type=\"widget\" data-widget_type=\"text-editor.default\">\n\t\t\t\t<div class=\"elementor-widget-container\">\n\t\t\t\t\t\t\t\t\t<p>Formaci\u00f3n pr\u00e1ctica y completa para quienes quieren aprender pasteler\u00eda desde las bases y desarrollar t\u00e9cnicas profesionales con acompa\u00f1amiento constante.<\/p>\t\t\t\t\t\t\t\t<\/div>\n\t\t\t\t<\/div>\n\t\t\t\t\t<\/div>\n\t\t\t\t<\/div>\n\t\t<div class=\"elementor-element elementor-element-254cfbe e-flex e-con-boxed e-con e-parent\" data-id=\"254cfbe\" data-element_type=\"container\">\n\t\t\t\t\t<div class=\"e-con-inner\">\n\t\t<div class=\"elementor-element elementor-element-862a675 e-con-full e-flex e-con e-child\" data-id=\"862a675\" data-element_type=\"container\">\n\t\t\t\t<div class=\"elementor-element elementor-element-3db001b elementor-tablet-position-block-start elementor-mobile-position-inline-start elementor-view-default elementor-position-block-start elementor-widget elementor-widget-icon-box\" data-id=\"3db001b\" data-element_type=\"widget\" data-widget_type=\"icon-box.default\">\n\t\t\t\t<div class=\"elementor-widget-container\">\n\t\t\t\t\t\t\t<div class=\"elementor-icon-box-wrapper\">\n\n\t\t\t\t\t\t<div class=\"elementor-icon-box-icon\">\n\t\t\t\t<span  class=\"elementor-icon\">\n\t\t\t\t<i aria-hidden=\"true\" class=\"fas fa-user-graduate\"><\/i>\t\t\t\t<\/span>\n\t\t\t<\/div>\n\t\t\t\n\t\t\t\t\t\t<div class=\"elementor-icon-box-content\">\n\n\t\t\t\t\t\t\t\t\t<h3 class=\"elementor-icon-box-title\">\n\t\t\t\t\t\t<span  >\n\t\t\t\t\t\t\tMODULO I \t\t\t\t\t\t<\/span>\n\t\t\t\t\t<\/h3>\n\t\t\t\t\n\t\t\t\t\t\t\t\t\t<p class=\"elementor-icon-box-description\">\n\t\t\t\t\t\t- Normas de seguridad en la cocina.<br>\n- Vocabulario culinario.<br>\n- Manejo de los utensilios de cocina en pasteler\u00eda.<br>\n\n\n\n\t\t\t\t\t<\/p>\n\t\t\t\t\n\t\t\t<\/div>\n\t\t\t\n\t\t<\/div>\n\t\t\t\t\t\t<\/div>\n\t\t\t\t<\/div>\n\t\t\t\t<\/div>\n\t\t<div class=\"elementor-element elementor-element-e7e5889 e-con-full e-flex e-con e-child\" data-id=\"e7e5889\" data-element_type=\"container\">\n\t\t\t\t<div class=\"elementor-element elementor-element-0e75f8b elementor-tablet-position-block-start elementor-mobile-position-inline-start elementor-view-default elementor-position-block-start elementor-widget elementor-widget-icon-box\" data-id=\"0e75f8b\" data-element_type=\"widget\" data-widget_type=\"icon-box.default\">\n\t\t\t\t<div class=\"elementor-widget-container\">\n\t\t\t\t\t\t\t<div class=\"elementor-icon-box-wrapper\">\n\n\t\t\t\t\t\t<div class=\"elementor-icon-box-icon\">\n\t\t\t\t<span  class=\"elementor-icon\">\n\t\t\t\t<i aria-hidden=\"true\" class=\"fas fa-user-graduate\"><\/i>\t\t\t\t<\/span>\n\t\t\t<\/div>\n\t\t\t\n\t\t\t\t\t\t<div class=\"elementor-icon-box-content\">\n\n\t\t\t\t\t\t\t\t\t<h3 class=\"elementor-icon-box-title\">\n\t\t\t\t\t\t<span  >\n\t\t\t\t\t\t\tMODULO II \t\t\t\t\t\t<\/span>\n\t\t\t\t\t<\/h3>\n\t\t\t\t\n\t\t\t\t\t\t\t\t\t<p class=\"elementor-icon-box-description\">\n\t\t\t\t\t\t- Masas quebradas.<br> \n- Masas batidas livianas.<br> \n- Masas batidas pesadas. <br> \n- Masas aireadas.<br> \n- Cl\u00e1sicos de la pasteler\u00eda.<br> \n- Pasteler\u00eda moderna (mousses y entremets).<br> \n\n\n\n.\n\n\t\t\t\t\t<\/p>\n\t\t\t\t\n\t\t\t<\/div>\n\t\t\t\n\t\t<\/div>\n\t\t\t\t\t\t<\/div>\n\t\t\t\t<\/div>\n\t\t\t\t<\/div>\n\t\t<div class=\"elementor-element elementor-element-ffa70a3 e-con-full e-flex e-con e-child\" data-id=\"ffa70a3\" data-element_type=\"container\">\n\t\t\t\t<div class=\"elementor-element elementor-element-40b9955 elementor-tablet-position-block-start elementor-mobile-position-inline-start elementor-view-default elementor-position-block-start elementor-widget elementor-widget-icon-box\" data-id=\"40b9955\" data-element_type=\"widget\" data-widget_type=\"icon-box.default\">\n\t\t\t\t<div class=\"elementor-widget-container\">\n\t\t\t\t\t\t\t<div class=\"elementor-icon-box-wrapper\">\n\n\t\t\t\t\t\t<div class=\"elementor-icon-box-icon\">\n\t\t\t\t<span  class=\"elementor-icon\">\n\t\t\t\t<i aria-hidden=\"true\" class=\"fas fa-user-graduate\"><\/i>\t\t\t\t<\/span>\n\t\t\t<\/div>\n\t\t\t\n\t\t\t\t\t\t<div class=\"elementor-icon-box-content\">\n\n\t\t\t\t\t\t\t\t\t<h3 class=\"elementor-icon-box-title\">\n\t\t\t\t\t\t<span  >\n\t\t\t\t\t\t\tMODULO III \t\t\t\t\t\t<\/span>\n\t\t\t\t\t<\/h3>\n\t\t\t\t\n\t\t\t\t\t\t\t\t\t<p class=\"elementor-icon-box-description\">\n\t\t\t\t\t\t- Panader\u00eda B\u00e1sica.<br>\n- Tipos de hojaldre.<br>\n- Decoraci\u00f3n con boquillas.<br>\n- Fondant y pasta de goma.<br>\n- Galleter\u00eda.<br>\n- Gomitas y gelatina.<br>\n- Helados.<br>\n\n \n\n\n\n\t\t\t\t\t<\/p>\n\t\t\t\t\n\t\t\t<\/div>\n\t\t\t\n\t\t<\/div>\n\t\t\t\t\t\t<\/div>\n\t\t\t\t<\/div>\n\t\t\t\t<\/div>\n\t\t<div class=\"elementor-element elementor-element-20b1b5b e-con-full e-flex e-con e-child\" data-id=\"20b1b5b\" data-element_type=\"container\">\n\t\t\t\t<div class=\"elementor-element elementor-element-f3a399a elementor-tablet-position-block-start elementor-mobile-position-inline-start elementor-view-default elementor-position-block-start elementor-widget elementor-widget-icon-box\" data-id=\"f3a399a\" data-element_type=\"widget\" data-widget_type=\"icon-box.default\">\n\t\t\t\t<div class=\"elementor-widget-container\">\n\t\t\t\t\t\t\t<div class=\"elementor-icon-box-wrapper\">\n\n\t\t\t\t\t\t<div class=\"elementor-icon-box-icon\">\n\t\t\t\t<span  class=\"elementor-icon\">\n\t\t\t\t<i aria-hidden=\"true\" class=\"fas fa-user-graduate\"><\/i>\t\t\t\t<\/span>\n\t\t\t<\/div>\n\t\t\t\n\t\t\t\t\t\t<div class=\"elementor-icon-box-content\">\n\n\t\t\t\t\t\t\t\t\t<h3 class=\"elementor-icon-box-title\">\n\t\t\t\t\t\t<span  >\n\t\t\t\t\t\t\tMODULO IV\t\t\t\t\t\t<\/span>\n\t\t\t\t\t<\/h3>\n\t\t\t\t\n\t\t\t\t\t\t\t\t\t<p class=\"elementor-icon-box-description\">\n\t\t\t\t\t\t- Taller de Marketing <br>\n- Taller de Redes Sociales.<br>\n- Taller de L\u00e1cteos. <br>\n\n\n\n\n\n\t\t\t\t\t<\/p>\n\t\t\t\t\n\t\t\t<\/div>\n\t\t\t\n\t\t<\/div>\n\t\t\t\t\t\t<\/div>\n\t\t\t\t<\/div>\n\t\t\t\t<\/div>\n\t\t\t\t\t<\/div>\n\t\t\t\t<\/div>\n\t\t<div class=\"elementor-element elementor-element-057de16 e-flex e-con-boxed e-con e-parent\" data-id=\"057de16\" data-element_type=\"container\">\n\t\t\t\t\t<div class=\"e-con-inner\">\n\t\t<div class=\"elementor-element elementor-element-8bb8cf2 e-con-full e-flex e-con e-child\" data-id=\"8bb8cf2\" data-element_type=\"container\">\n\t\t\t\t<div class=\"elementor-element elementor-element-a81093b elementor-widget elementor-widget-heading\" data-id=\"a81093b\" data-element_type=\"widget\" data-widget_type=\"heading.default\">\n\t\t\t\t<div class=\"elementor-widget-container\">\n\t\t\t\t\t<h2 class=\"elementor-heading-title elementor-size-default\">HORARIOS DISPONIBLES: \n\n<\/h2>\t\t\t\t<\/div>\n\t\t\t\t<\/div>\n\t\t\t\t<div class=\"elementor-element elementor-element-c760844 elementor-widget elementor-widget-text-editor\" data-id=\"c760844\" data-element_type=\"widget\" data-widget_type=\"text-editor.default\">\n\t\t\t\t<div class=\"elementor-widget-container\">\n\t\t\t\t\t\t\t\t\t<ul><li><p>D\u00eda: viernes.<\/p><\/li><li><p>Turno: vespertino.<\/p><\/li><li><p>Horario: 2:00a 6:30 pm.<\/p><\/li><\/ul>\t\t\t\t\t\t\t\t<\/div>\n\t\t\t\t<\/div>\n\t\t\t\t<\/div>\n\t\t<div class=\"elementor-element elementor-element-92ab121 e-con-full e-flex e-con e-child\" data-id=\"92ab121\" data-element_type=\"container\">\n\t\t\t\t<div class=\"elementor-element elementor-element-9381a07 elementor-widget elementor-widget-heading\" data-id=\"9381a07\" data-element_type=\"widget\" data-widget_type=\"heading.default\">\n\t\t\t\t<div class=\"elementor-widget-container\">\n\t\t\t\t\t<h2 class=\"elementor-heading-title elementor-size-default\">UTENSILIOS PERSONALES:\n\n<\/h2>\t\t\t\t<\/div>\n\t\t\t\t<\/div>\n\t\t\t\t<div class=\"elementor-element elementor-element-3ffa9b7 elementor-widget elementor-widget-text-editor\" data-id=\"3ffa9b7\" data-element_type=\"widget\" data-widget_type=\"text-editor.default\">\n\t\t\t\t<div class=\"elementor-widget-container\">\n\t\t\t\t\t\t\t\t\t<ul><li><p>Dedos m\u00e1gicos.<\/p><\/li><li><p>Mangas desechables.<\/p><\/li><li><p>Boquillas lisas y rizadas.<\/p><\/li><li><p>Repasadores.<\/p><\/li><\/ul>\t\t\t\t\t\t\t\t<\/div>\n\t\t\t\t<\/div>\n\t\t\t\t<\/div>\n\t\t<div class=\"elementor-element elementor-element-bd409bd e-con-full e-flex e-con e-child\" data-id=\"bd409bd\" data-element_type=\"container\">\n\t\t\t\t<div class=\"elementor-element elementor-element-fead330 elementor-widget elementor-widget-heading\" data-id=\"fead330\" data-element_type=\"widget\" data-widget_type=\"heading.default\">\n\t\t\t\t<div class=\"elementor-widget-container\">\n\t\t\t\t\t<h2 class=\"elementor-heading-title elementor-size-default\">REQUISITOS DE INSCRIPCION:\n\n<\/h2>\t\t\t\t<\/div>\n\t\t\t\t<\/div>\n\t\t\t\t<div class=\"elementor-element elementor-element-004fd28 elementor-widget elementor-widget-text-editor\" data-id=\"004fd28\" data-element_type=\"widget\" data-widget_type=\"text-editor.default\">\n\t\t\t\t<div class=\"elementor-widget-container\">\n\t\t\t\t\t\t\t\t\t<ul><li><p>Una fotocopia de la c\u00e9dula de identidad ampliada al 140%.<\/p><\/li><li><p>Constancia de Residencia o RIF actualizado.<\/p><\/li><li><p>Llenar las formalidades administrativas.<\/p><\/li><\/ul>\t\t\t\t\t\t\t\t<\/div>\n\t\t\t\t<\/div>\n\t\t\t\t<\/div>\n\t\t\t\t\t<\/div>\n\t\t\t\t<\/div>\n\t\t<div class=\"elementor-element elementor-element-5a2c27e e-flex e-con-boxed e-con e-parent\" data-id=\"5a2c27e\" data-element_type=\"container\">\n\t\t\t\t\t<div class=\"e-con-inner\">\n\t\t<div class=\"elementor-element elementor-element-180ba64 e-con-full e-flex e-con e-child\" data-id=\"180ba64\" data-element_type=\"container\">\n\t\t\t\t<div class=\"elementor-element elementor-element-22094b3 elementor-widget elementor-widget-heading\" data-id=\"22094b3\" data-element_type=\"widget\" data-widget_type=\"heading.default\">\n\t\t\t\t<div class=\"elementor-widget-container\">\n\t\t\t\t\t<h2 class=\"elementor-heading-title elementor-size-default\">Avalado por \n\n\n<\/h2>\t\t\t\t<\/div>\n\t\t\t\t<\/div>\n\t\t\t\t<div class=\"elementor-element elementor-element-880ddef elementor-widget elementor-widget-image\" data-id=\"880ddef\" data-element_type=\"widget\" data-widget_type=\"image.default\">\n\t\t\t\t<div class=\"elementor-widget-container\">\n\t\t\t\t\t\t\t\t\t\t\t\t\t\t\t<img decoding=\"async\" width=\"166\" height=\"165\" src=\"https:\/\/cheffmilenium.com\/web\/wp-content\/uploads\/2026\/04\/caracas.png\" class=\"attachment-large size-large wp-image-4699\" alt=\"\" srcset=\"https:\/\/cheffmilenium.com\/web\/wp-content\/uploads\/2026\/04\/caracas.png 166w, https:\/\/cheffmilenium.com\/web\/wp-content\/uploads\/2026\/04\/caracas-100x100.png 100w\" sizes=\"(max-width: 166px) 100vw, 166px\" \/>\t\t\t\t\t\t\t\t\t\t\t\t\t\t\t<\/div>\n\t\t\t\t<\/div>\n\t\t\t\t<\/div>\n\t\t<div class=\"elementor-element elementor-element-a428408 e-con-full e-flex e-con e-child\" data-id=\"a428408\" data-element_type=\"container\">\n\t\t\t\t<div class=\"elementor-element elementor-element-5932ba8 elementor-widget elementor-widget-image\" data-id=\"5932ba8\" data-element_type=\"widget\" data-widget_type=\"image.default\">\n\t\t\t\t<div class=\"elementor-widget-container\">\n\t\t\t\t\t\t\t\t\t\t\t\t\t\t\t<img fetchpriority=\"high\" decoding=\"async\" width=\"378\" height=\"204\" src=\"https:\/\/cheffmilenium.com\/web\/wp-content\/uploads\/2026\/04\/facultad.png\" class=\"attachment-large size-large wp-image-4700\" alt=\"\" \/>\t\t\t\t\t\t\t\t\t\t\t\t\t\t\t<\/div>\n\t\t\t\t<\/div>\n\t\t\t\t<\/div>\n\t\t<div class=\"elementor-element elementor-element-06e5f8e e-con-full e-flex e-con e-child\" data-id=\"06e5f8e\" data-element_type=\"container\">\n\t\t\t\t<div class=\"elementor-element elementor-element-6c591e7 elementor-widget elementor-widget-image\" data-id=\"6c591e7\" data-element_type=\"widget\" data-widget_type=\"image.default\">\n\t\t\t\t<div class=\"elementor-widget-container\">\n\t\t\t\t\t\t\t\t\t\t\t\t\t\t\t<img decoding=\"async\" width=\"393\" height=\"203\" src=\"https:\/\/cheffmilenium.com\/web\/wp-content\/uploads\/2026\/04\/poder-popular.png\" class=\"attachment-large size-large wp-image-4682\" alt=\"\" \/>\t\t\t\t\t\t\t\t\t\t\t\t\t\t\t<\/div>\n\t\t\t\t<\/div>\n\t\t\t\t<\/div>\n\t\t\t\t\t<\/div>\n\t\t\t\t<\/div>\n\t\t\t\t<\/div>\n\t\t","protected":false},"excerpt":{"rendered":"<p>DIPLOMADO DE ASISTENTE EN PASTELER\u00cdA PROFESIONAL Formaci\u00f3n pr\u00e1ctica y completa para quienes quieren aprender pasteler\u00eda desde las bases y desarrollar t\u00e9cnicas profesionales con acompa\u00f1amiento constante. MODULO I &#8211; Normas de seguridad en la cocina. &#8211; Vocabulario culinario. &#8211; Manejo de los utensilios de cocina en pasteler\u00eda. MODULO II &#8211; Masas quebradas. &#8211; Masas batidas livianas.&hellip;<\/p>\n","protected":false},"author":1,"featured_media":4715,"parent":0,"menu_order":0,"comment_status":"closed","ping_status":"closed","template":"","meta":{"_acf_changed":false,"_joinchat":[],"footnotes":""},"class_list":["post-4714","page","type-page","status-publish","has-post-thumbnail","hentry"],"acf":[],"yoast_head":"<!-- This site is optimized with the Yoast SEO plugin v23.3 - https:\/\/yoast.com\/wordpress\/plugins\/seo\/ -->\n<title>DIPLOMADO DE ASISTENTE EN PASTELER\u00cdA PROFESIONAL - Cheffmilenium<\/title>\n<meta name=\"robots\" content=\"index, follow, max-snippet:-1, max-image-preview:large, max-video-preview:-1\" \/>\n<link rel=\"canonical\" href=\"https:\/\/cheffmilenium.com\/web\/diplomado-de-asistente-en-pasteleria-profesional\/\" \/>\n<meta property=\"og:locale\" content=\"es_ES\" \/>\n<meta property=\"og:type\" content=\"article\" \/>\n<meta property=\"og:title\" content=\"DIPLOMADO DE ASISTENTE EN PASTELER\u00cdA PROFESIONAL - Cheffmilenium\" \/>\n<meta property=\"og:description\" content=\"DIPLOMADO DE ASISTENTE EN PASTELER\u00cdA PROFESIONAL Formaci\u00f3n pr\u00e1ctica y completa para quienes quieren aprender pasteler\u00eda desde las bases y desarrollar t\u00e9cnicas profesionales con acompa\u00f1amiento constante. MODULO I &#8211; Normas de seguridad en la cocina. &#8211; Vocabulario culinario. &#8211; Manejo de los utensilios de cocina en pasteler\u00eda. MODULO II &#8211; Masas quebradas. &#8211; Masas batidas livianas.&hellip;\" \/>\n<meta property=\"og:url\" content=\"https:\/\/cheffmilenium.com\/web\/diplomado-de-asistente-en-pasteleria-profesional\/\" \/>\n<meta property=\"og:site_name\" content=\"Cheffmilenium\" \/>\n<meta property=\"article:publisher\" content=\"https:\/\/www.facebook.com\/cheffmilenium\" \/>\n<meta property=\"article:modified_time\" content=\"2026-04-03T18:43:16+00:00\" \/>\n<meta property=\"og:image\" content=\"https:\/\/cheffmilenium.com\/web\/wp-content\/uploads\/2026\/04\/banner-6.png\" \/>\n\t<meta property=\"og:image:width\" content=\"1200\" \/>\n\t<meta property=\"og:image:height\" content=\"350\" \/>\n\t<meta property=\"og:image:type\" content=\"image\/png\" \/>\n<meta name=\"twitter:card\" content=\"summary_large_image\" \/>\n<meta name=\"twitter:label1\" content=\"Tiempo de lectura\" \/>\n\t<meta name=\"twitter:data1\" content=\"1 minuto\" \/>\n<script type=\"application\/ld+json\" class=\"yoast-schema-graph\">{\"@context\":\"https:\/\/schema.org\",\"@graph\":[{\"@type\":\"WebPage\",\"@id\":\"https:\/\/cheffmilenium.com\/web\/diplomado-de-asistente-en-pasteleria-profesional\/\",\"url\":\"https:\/\/cheffmilenium.com\/web\/diplomado-de-asistente-en-pasteleria-profesional\/\",\"name\":\"DIPLOMADO DE ASISTENTE EN PASTELER\u00cdA PROFESIONAL - Cheffmilenium\",\"isPartOf\":{\"@id\":\"https:\/\/cheffmilenium.com\/web\/#website\"},\"primaryImageOfPage\":{\"@id\":\"https:\/\/cheffmilenium.com\/web\/diplomado-de-asistente-en-pasteleria-profesional\/#primaryimage\"},\"image\":{\"@id\":\"https:\/\/cheffmilenium.com\/web\/diplomado-de-asistente-en-pasteleria-profesional\/#primaryimage\"},\"thumbnailUrl\":\"https:\/\/cheffmilenium.com\/web\/wp-content\/uploads\/2026\/04\/banner-6.png\",\"datePublished\":\"2026-04-03T18:37:24+00:00\",\"dateModified\":\"2026-04-03T18:43:16+00:00\",\"breadcrumb\":{\"@id\":\"https:\/\/cheffmilenium.com\/web\/diplomado-de-asistente-en-pasteleria-profesional\/#breadcrumb\"},\"inLanguage\":\"es\",\"potentialAction\":[{\"@type\":\"ReadAction\",\"target\":[\"https:\/\/cheffmilenium.com\/web\/diplomado-de-asistente-en-pasteleria-profesional\/\"]}]},{\"@type\":\"ImageObject\",\"inLanguage\":\"es\",\"@id\":\"https:\/\/cheffmilenium.com\/web\/diplomado-de-asistente-en-pasteleria-profesional\/#primaryimage\",\"url\":\"https:\/\/cheffmilenium.com\/web\/wp-content\/uploads\/2026\/04\/banner-6.png\",\"contentUrl\":\"https:\/\/cheffmilenium.com\/web\/wp-content\/uploads\/2026\/04\/banner-6.png\",\"width\":1200,\"height\":350},{\"@type\":\"BreadcrumbList\",\"@id\":\"https:\/\/cheffmilenium.com\/web\/diplomado-de-asistente-en-pasteleria-profesional\/#breadcrumb\",\"itemListElement\":[{\"@type\":\"ListItem\",\"position\":1,\"name\":\"Portada\",\"item\":\"https:\/\/cheffmilenium.com\/web\/\"},{\"@type\":\"ListItem\",\"position\":2,\"name\":\"DIPLOMADO DE ASISTENTE EN PASTELER\u00cdA PROFESIONAL\"}]},{\"@type\":\"WebSite\",\"@id\":\"https:\/\/cheffmilenium.com\/web\/#website\",\"url\":\"https:\/\/cheffmilenium.com\/web\/\",\"name\":\"Cheffmilenium\",\"description\":\"Instituto Escuela de Artes Gastron\u00f3mias\",\"publisher\":{\"@id\":\"https:\/\/cheffmilenium.com\/web\/#organization\"},\"potentialAction\":[{\"@type\":\"SearchAction\",\"target\":{\"@type\":\"EntryPoint\",\"urlTemplate\":\"https:\/\/cheffmilenium.com\/web\/?s={search_term_string}\"},\"query-input\":\"required name=search_term_string\"}],\"inLanguage\":\"es\"},{\"@type\":\"Organization\",\"@id\":\"https:\/\/cheffmilenium.com\/web\/#organization\",\"name\":\"Chefmilenium\",\"url\":\"https:\/\/cheffmilenium.com\/web\/\",\"logo\":{\"@type\":\"ImageObject\",\"inLanguage\":\"es\",\"@id\":\"https:\/\/cheffmilenium.com\/web\/#\/schema\/logo\/image\/\",\"url\":\"https:\/\/cheffmilenium.com\/web\/wp-content\/uploads\/2022\/10\/cropped-chefm-icono-1-1.png\",\"contentUrl\":\"https:\/\/cheffmilenium.com\/web\/wp-content\/uploads\/2022\/10\/cropped-chefm-icono-1-1.png\",\"width\":512,\"height\":512,\"caption\":\"Chefmilenium\"},\"image\":{\"@id\":\"https:\/\/cheffmilenium.com\/web\/#\/schema\/logo\/image\/\"},\"sameAs\":[\"https:\/\/www.facebook.com\/cheffmilenium\",\"https:\/\/www.instagram.com\/chefmilenium\/\"]}]}<\/script>\n<!-- \/ Yoast SEO plugin. -->","yoast_head_json":{"title":"DIPLOMADO DE ASISTENTE EN PASTELER\u00cdA PROFESIONAL - Cheffmilenium","robots":{"index":"index","follow":"follow","max-snippet":"max-snippet:-1","max-image-preview":"max-image-preview:large","max-video-preview":"max-video-preview:-1"},"canonical":"https:\/\/cheffmilenium.com\/web\/diplomado-de-asistente-en-pasteleria-profesional\/","og_locale":"es_ES","og_type":"article","og_title":"DIPLOMADO DE ASISTENTE EN PASTELER\u00cdA PROFESIONAL - Cheffmilenium","og_description":"DIPLOMADO DE ASISTENTE EN PASTELER\u00cdA PROFESIONAL Formaci\u00f3n pr\u00e1ctica y completa para quienes quieren aprender pasteler\u00eda desde las bases y desarrollar t\u00e9cnicas profesionales con acompa\u00f1amiento constante. MODULO I &#8211; Normas de seguridad en la cocina. &#8211; Vocabulario culinario. &#8211; Manejo de los utensilios de cocina en pasteler\u00eda. MODULO II &#8211; Masas quebradas. &#8211; Masas batidas livianas.&hellip;","og_url":"https:\/\/cheffmilenium.com\/web\/diplomado-de-asistente-en-pasteleria-profesional\/","og_site_name":"Cheffmilenium","article_publisher":"https:\/\/www.facebook.com\/cheffmilenium","article_modified_time":"2026-04-03T18:43:16+00:00","og_image":[{"width":1200,"height":350,"url":"https:\/\/cheffmilenium.com\/web\/wp-content\/uploads\/2026\/04\/banner-6.png","type":"image\/png"}],"twitter_card":"summary_large_image","twitter_misc":{"Tiempo de lectura":"1 minuto"},"schema":{"@context":"https:\/\/schema.org","@graph":[{"@type":"WebPage","@id":"https:\/\/cheffmilenium.com\/web\/diplomado-de-asistente-en-pasteleria-profesional\/","url":"https:\/\/cheffmilenium.com\/web\/diplomado-de-asistente-en-pasteleria-profesional\/","name":"DIPLOMADO DE ASISTENTE EN PASTELER\u00cdA PROFESIONAL - Cheffmilenium","isPartOf":{"@id":"https:\/\/cheffmilenium.com\/web\/#website"},"primaryImageOfPage":{"@id":"https:\/\/cheffmilenium.com\/web\/diplomado-de-asistente-en-pasteleria-profesional\/#primaryimage"},"image":{"@id":"https:\/\/cheffmilenium.com\/web\/diplomado-de-asistente-en-pasteleria-profesional\/#primaryimage"},"thumbnailUrl":"https:\/\/cheffmilenium.com\/web\/wp-content\/uploads\/2026\/04\/banner-6.png","datePublished":"2026-04-03T18:37:24+00:00","dateModified":"2026-04-03T18:43:16+00:00","breadcrumb":{"@id":"https:\/\/cheffmilenium.com\/web\/diplomado-de-asistente-en-pasteleria-profesional\/#breadcrumb"},"inLanguage":"es","potentialAction":[{"@type":"ReadAction","target":["https:\/\/cheffmilenium.com\/web\/diplomado-de-asistente-en-pasteleria-profesional\/"]}]},{"@type":"ImageObject","inLanguage":"es","@id":"https:\/\/cheffmilenium.com\/web\/diplomado-de-asistente-en-pasteleria-profesional\/#primaryimage","url":"https:\/\/cheffmilenium.com\/web\/wp-content\/uploads\/2026\/04\/banner-6.png","contentUrl":"https:\/\/cheffmilenium.com\/web\/wp-content\/uploads\/2026\/04\/banner-6.png","width":1200,"height":350},{"@type":"BreadcrumbList","@id":"https:\/\/cheffmilenium.com\/web\/diplomado-de-asistente-en-pasteleria-profesional\/#breadcrumb","itemListElement":[{"@type":"ListItem","position":1,"name":"Portada","item":"https:\/\/cheffmilenium.com\/web\/"},{"@type":"ListItem","position":2,"name":"DIPLOMADO DE ASISTENTE EN PASTELER\u00cdA PROFESIONAL"}]},{"@type":"WebSite","@id":"https:\/\/cheffmilenium.com\/web\/#website","url":"https:\/\/cheffmilenium.com\/web\/","name":"Cheffmilenium","description":"Instituto Escuela de Artes Gastron\u00f3mias","publisher":{"@id":"https:\/\/cheffmilenium.com\/web\/#organization"},"potentialAction":[{"@type":"SearchAction","target":{"@type":"EntryPoint","urlTemplate":"https:\/\/cheffmilenium.com\/web\/?s={search_term_string}"},"query-input":"required name=search_term_string"}],"inLanguage":"es"},{"@type":"Organization","@id":"https:\/\/cheffmilenium.com\/web\/#organization","name":"Chefmilenium","url":"https:\/\/cheffmilenium.com\/web\/","logo":{"@type":"ImageObject","inLanguage":"es","@id":"https:\/\/cheffmilenium.com\/web\/#\/schema\/logo\/image\/","url":"https:\/\/cheffmilenium.com\/web\/wp-content\/uploads\/2022\/10\/cropped-chefm-icono-1-1.png","contentUrl":"https:\/\/cheffmilenium.com\/web\/wp-content\/uploads\/2022\/10\/cropped-chefm-icono-1-1.png","width":512,"height":512,"caption":"Chefmilenium"},"image":{"@id":"https:\/\/cheffmilenium.com\/web\/#\/schema\/logo\/image\/"},"sameAs":["https:\/\/www.facebook.com\/cheffmilenium","https:\/\/www.instagram.com\/chefmilenium\/"]}]}},"_links":{"self":[{"href":"https:\/\/cheffmilenium.com\/web\/wp-json\/wp\/v2\/pages\/4714","targetHints":{"allow":["GET"]}}],"collection":[{"href":"https:\/\/cheffmilenium.com\/web\/wp-json\/wp\/v2\/pages"}],"about":[{"href":"https:\/\/cheffmilenium.com\/web\/wp-json\/wp\/v2\/types\/page"}],"author":[{"embeddable":true,"href":"https:\/\/cheffmilenium.com\/web\/wp-json\/wp\/v2\/users\/1"}],"replies":[{"embeddable":true,"href":"https:\/\/cheffmilenium.com\/web\/wp-json\/wp\/v2\/comments?post=4714"}],"version-history":[{"count":7,"href":"https:\/\/cheffmilenium.com\/web\/wp-json\/wp\/v2\/pages\/4714\/revisions"}],"predecessor-version":[{"id":4723,"href":"https:\/\/cheffmilenium.com\/web\/wp-json\/wp\/v2\/pages\/4714\/revisions\/4723"}],"wp:featuredmedia":[{"embeddable":true,"href":"https:\/\/cheffmilenium.com\/web\/wp-json\/wp\/v2\/media\/4715"}],"wp:attachment":[{"href":"https:\/\/cheffmilenium.com\/web\/wp-json\/wp\/v2\/media?parent=4714"}],"curies":[{"name":"wp","href":"https:\/\/api.w.org\/{rel}","templated":true}]}}